s 1393312 a multiple of 25?
False
Is 15592712 a multiple of 46?
True
Does 28 divide 28784?
True
Is 13 a factor of 18163905?
False
Does 24 divide 24105192?
True
Does 7 divide 223687?
False
Does 84 divide 361200?
True
Does 26 divide 7295938?
True
Is 7687030 a multiple of 29?
True
Is 33 a factor of 885819?
True
Is 51057 a multiple of 31?
True
Is 6 a factor of 538620?
True
Is 103455 a multiple of 3?
True
Does 15 divide 5390212?
False
Is 229 a factor of 160300?
True
Is 580582 a multiple of 403?
False
Is 1689168 a multiple of 16?
True
Does 45 divide 3020684?
False
Does 14 divide 344428?
True
Is 34 a factor of 43146?
True
Is 32 a factor of 1233152?
True
Is 34 a factor of 101320?
True
Does 43 divide 1058172?
False
Is 22 a factor of 226475?
False
Is 317 a factor of 1131430?
False
Is 263 a factor of 4494248?
False
Is 23836 a multiple of 118?
True
Does 5 divide 35124?
False
Is 99 a factor of 433323?
True
Is 849067 a multiple of 163?
True
Does 18 divide 10534284?
True
Is 33975004 a multiple of 14?
True
Is 349725 a multiple of 75?
True
Is 50 a factor of 275294?
False
Is 28 a factor of 534477?
False
Is 737657 a multiple of 25?
False
Is 209 a factor of 509874?
False
Is 650897 a multiple of 14?
False
Does 25 divide 981050?
True
Does 310 divide 7956319?
False
Is 272 a factor of 89760?
True
Does 248 divide 9676235?
False
Is 129 a factor of 71982?
True
Is 27744 a multiple of 51?
True
Does 435 divide 72583?
False
Is 107 a factor of 729426?
False
Does 34 divide 1559580?
True
Is 349084 a multiple of 197?
True
Does 96 divide 555936?
True
Is 458528 a multiple of 368?
True
Is 3322098 a multiple of 39?
True
Is 23 a factor of 10342147?
False
Does 43 divide 132552?
False
Is 268 a factor of 2550288?
True
Is 14655782 a multiple of 26?
False
Does 1174 divide 3024943?
False
Is 81 a factor of 2467196?
False
Is 2053403 a multiple of 41?
True
Does 94 divide 109426?
False
Does 77 divide 9218517?
True
Is 5501628 a multiple of 132?
True
Does 3 divide 1913741?
False
Is 2563656 a multiple of 12?
True
Is 149 a factor of 923502?
True
Is 11 a factor of 5500580?
False
Is 137 a factor of 217651?
False
Does 334 divide 6684342?
True
Does 854 divide 1010882?
False
Does 241 divide 1733031?
True
Is 807 a factor of 419640?
True
Is 22 a factor of 1546880?
False
Is 29 a factor of 1613995?
True
Does 9 divide 260087?
False
Does 15 divide 6676245?
True
Does 6 divide 193235?
False
Does 4 divide 2334853?
False
Does 166 divide 4255078?
True
Is 827325 a multiple of 280?
False
Is 14 a factor of 5106640?
True
Is 5854570 a multiple of 362?
False
Is 9 a factor of 10322?
False
Does 104 divide 94661?
False
Is 17895659 a multiple of 85?
False
Is 755596 a multiple of 191?
True
Does 22 divide 5710169?
False
Does 34 divide 462547?
False
Does 155 divide 101644?
False
Is 7306240 a multiple of 10?
True
Is 21 a factor of 2331549?
False
Does 9 divide 759735?
True
Is 47 a factor of 5103?
False
Is 19 a factor of 97128?
True
Is 22 a factor of 6276493?
False
Does 208 divide 173829?
False
Is 237638 a multiple of 2?
True
Is 382080 a multiple of 199?
True
Is 832608 a multiple of 36?
True
Is 3 a factor of 936265?
False
Does 169 divide 5843175?
True
Is 871176 a multiple of 11?
False
Is 47 a factor of 863194?
False
Is 248 a factor of 878416?
True
Is 99 a factor of 3706678?
False
Is 3835420 a multiple of 74?
True
Is 4 a factor of 956385?
False
Is 36 a factor of 75110?
False
Is 20999 a multiple of 5?
False
Is 2405704 a multiple of 34?
True
Is 470 a factor of 151340?
True
Is 196 a factor of 116228?
True
Does 103 divide 873468?
False
Is 194 a factor of 114093?
False
Is 290849 even?
False
Is 793150 a multiple of 225?
False
Does 22 divide 1101958?
True
Is 124 a factor of 161893?
False
Is 1625000 a multiple of 25?
True
Is 5839991 a multiple of 1698?
False
Is 127 a factor of 362077?
True
Is 957672 a multiple of 376?
True
Is 19 a factor of 29220?
False
Is 61 a factor of 172590?
False
Does 309 divide 14287233?
True
Is 89904 a multiple of 48?
True
Is 1995408 a multiple of 18?
True
Does 25 divide 18661209?
False
Is 13 a factor of 216398?
True
Is 5 a factor of 283672?
False
Is 14 a factor of 1290030?
True
Is 54 a factor of 1405826?
False
Is 289366 a multiple of 77?
True
Is 134520 a multiple of 19?
True
Is 301596 a multiple of 12?
True
Does 296 divide 1903654?
False
Is 1006 a factor of 1401271?
False
Does 117 divide 30069?
True
Is 22 a factor of 27829890?
True
Does 9 divide 50742?
True
Does 32 divide 174560?
True
Is 125 a factor of 92625?
True
Is 15 a factor of 159720?
True
Does 6 divide 73067?
False
Is 22 a factor of 2119570?
False
Is 2112306 a multiple of 798?
True
Is 2723653 a multiple of 568?
False
Is 509 a factor of 3621535?
True
Does 296 divide 227032?
True
Is 255841 a multiple of 134?
False
Is 17 a factor of 303036?
False
Is 813 a factor of 4276757?
False
Is 442814 a multiple of 86?
True
Does 21 divide 1302?
True
Does 10 divide 657490?
True
Is 10 a factor of 3716782?
False
Does 30 divide 7858774?
False
Does 119 divide 72677?
False
Is 66703 a multiple of 8?
False
Is 3776136 a multiple of 42?
True
Is 441895 a multiple of 103?
False
Is 7898832 a multiple of 684?
True
Does 78 divide 507667?
False
Is 4 a factor of 102681?
False
Is 1128270 a multiple of 26?
True
Does 13 divide 908102?
True
Does 158 divide 3476?
True
Does 34 divide 181773?
False
Is 107665 a multiple of 79?
False
Does 4 divide 950684?
True
Is 79 a factor of 153023?
True
Does 127 divide 77851?
True
Is 241 a factor of 186528?
False
Does 4 divide 101509?
False
Is 5 a factor of 916850?
True
Does 32 divide 1095392?
True
Is 279995 a multiple of 325?
False
Is 14045 a multiple of 4?
False
Does 140 divide 2758840?
True
Is 9 a factor of 4905?
True
Is 108 a factor of 6369840?
True
Is 160 a factor of 1560800?
True
Does 877 divide 1558834?
False
Does 122 divide 6313885?
False
Is 17831670 a multiple of 1803?
True
Is 259 a factor of 297?
False
Does 158 divide 404084?
False
Is 31064880 a multiple of 924?
True
Is 28 a factor of 113176?
True
Is 34843 a multiple of 97?
False
Is 9 a factor of 2124?
True
Does 9 divide 120224?
False
Does 478 divide 95682?
False
Does 9 divide 8012745?
True
Does 46 divide 2205433?
False
Is 3 a factor of 21748?
False
Does 34 divide 5584385?
False
Is 503 a factor of 10479101?
False
Is 72 a factor of 84744?
True
Is 251244 a multiple of 63?
True
Does 593 divide 1117805?
True
Does 1209 divide 1908476?
False
Is 3 a factor of 16485?
True
Does 5 divide 5516560?
True
Is 46 a factor of 369288?
True
Is 170544 a multiple of 34?
True
Does 113 divide 219898?
True
Is 50 a factor of 4204764?
False
Is 216310 a multiple of 102?
False
Is 183482 a multiple of 31?
False
Is 9 a factor of 113496?
False
Is 3900018 a multiple of 167?
False
Is 457472 a multiple of 37?
False
Does 11 divide 1396?
False
Is 2842197 a multiple of 9?
False
Is 814 a factor of 431420?
True
Is 20 a factor of 8879277?
False
Is 210500 a multiple of 10?
True
Does 20 divide 17162?
False
Is 26 a factor of 1705924?
False
Does 138 divide 551448?
True
Is 393783 a multiple of 13?
True
Is 14 a factor of 3603642?
True
Does 8 divide 15716926?
False
Does 2 divide 12970?
True
Does 401 divide 14640159?
False
Is 597 a factor of 143054?
False
Is 17 a factor of 145056?
False
Is 3819845 a multiple of 234?
False
Does 83 divide 333690?
False
Is 6 a factor of 437424?
True
Is 7 a factor of 553815?
False
Is 762109 a multiple of 33?
False
Is 35533 a multiple of 19?
False
Does 36 divide 3659531?
False
Does 351 divide 13411218?
False
Is 18832 a multiple of 16?
True
Is 127343 a multiple of 41?
False
Is 192385 a multiple of 353?
True
Is 351 a factor of 1384256?
False
Is 614 a factor of 10359408?
True
Does 125 divide 531915?
False
Is 86694 a multiple of 53?
False
Does 831 divide 97348?
False
Is 54233 a multiple of 67?
False
Does 264 divide 12973?
False
Is 6 a factor of 75842?
False
Does 49 divide 70068?
False
Is 3 a factor of 403400?
False
Is 1092485 a multiple of 755?
True
Is 64 a factor of 335680?
True
Is 82185 a multiple of 7?
False
Is 770543 a multiple of 7?
False
Is 76059 a multiple of 5?
False
Does 28 divide 6136733?
False
Is 71 a factor of 267102?
True
Is 228 a factor of 2188915?
False
Does 108 divide 15946?
False
Is 62424 a multiple of 204?
True
Is 5052518 a multiple of 39?
False
Is 130704 a multiple of 112?
True
Is 35 a factor of 3